f be (-32)/(-144) + 16/9. Let b(y) = -15*y**f + 10 - 6*y + 7*y**2 - 10 + 10 + 9*y**2. Calculate b(2).
2
Let o = -3 - 8. Let r(i) be the third derivative of -i**6/120 - i**5/5 - i**4/3 + 5*i**3/2 + 2*i**2 + 1329. What is r(o)?
-18
Let g(x) = -16 - 13 + 7 + 18*x + 33*x. Give g(2).
80
Let u = 2159 + -2159. Let x(g) be the second derivative of -3/2*g**2 - 6*g + u - 1/2*g**3. Calculate x(-3).
6
Let r(p) be the second derivative of 1 + 1/12*p**4 + 1/2*p**2 - 1/3*p**3 - 2*p. Determine r(3).
4
Let k(m) = 272*m**2 + 9*m - 37. Let r(j) = 29*j**2 + j - 4. Let p(g) = 2*k(g) - 19*r(g). What is p(3)?
-64
Let j(x) be the first derivative of x**3/3 + x**2 + 2*x - 221. Suppose -25 = 2*f + 3*f. Give j(f).
17
Let m(h) = 3*h**2 + 22*h + 47. Let c be m(-7). Suppose p + 2 = 4. Let g(i) = -i**p + 0 - 1 - 46*i + c*i. Determine g(-5).
4
Let s be (-4)/(-22) + (-1216)/(-88) + -9. Suppose s*y = 60 - 20. Let n(w) = w**2 - 6*w - 4. Give n(y).
12
Let b(d) = -d**2 - 3*d + 5. Suppose 2*a = k - 4, -3*a - 6 = k - 0*a. Let h(i) = k*i + 6*i**2 - 15*i + 7 - 45 - 5*i**2. Let w be h(17). What is b(w)?
1
Suppose 0 = -3*y + 3 + 12, 2*p + 5*y = 109. Suppose 14*h - p = 7*h. Let s(k) = 2*k - 9. What is s(h)?
3
Let o(m) = -m. Let q(j) = j**3 - j**2 + 2*j - 7. Let n be q(0). Let u(d) = -d**2 - 8*d - 7. Let a be u(n). Calculate o(a).
0
Let s = 139 + -134. Suppose 38 = -s*x - j - 10, -2*x + j = 15. Let m(k) = -k**3 - 10*k**2 - 9*k. Give m(x).
0
Let v(i) = 2*i**2 + 12*i + 9. Let b = -2390 - -2383. Determine v(b).
23
Let l(q) = -2*q**2 - q - 18 + 0*q**2 + 3*q**2. Let o = -69656 - -69661. What is l(o)?
2
Let w(n) = -9*n + 11. Let m(q) = -5*q + 6. Let l(o) = 5*m(o) - 3*w(o). Let u(g) = -g**2 + 8*g - 20. Let z be u(10). Let x be 4/z*8*-5. Give l(x).
5
Let z(r) = 7*r**2 - 14*r - 21. Let g be (-37)/7 + (-36)/(-126). Let x(w) = -10*w**2 + 22*w + 31. Let m(y) = g*x(y) - 7*z(y). Determine m(12).
-8
Let i(h) = 7*h - 13. Let j = 20132 + -20140. Give i(j).
-69
Let s(i) = -i - 8. Let w be s(-5). Let r(t) = 2*t - 5. Let f(v) = v + 1. Let d(k) = f(k) - r(k). Let l(a) = 2*a - 12. Let n(p) = w*l(p) - 5*d(p). What is n(12)?
-6
Let y = -657 + 667. Let n(d) = d - 3. What is n(y)?
7
Suppose -10 = 14*b + 186. Let p be (24/(-10))/((-2)/5). Let n be (-10)/b + (-2)/(-7) - p. Let g(x) = -x - 2. Give g(n).
3
Let s(l) be the third derivative of -1/60*l**5 + 1/2*l**3 + 7/24*l**4 + 0 + l - 20*l**2. Calculate s(6).
9
Let c(b) = -23*b + 24. Let h(m) = -30*m + 26. Let f(s) = -4*c(s) + 3*h(s). What is f(6)?
-6
Let s = 8 - 36. Let a = -33 - s. Let l(j) = -9*j - 54. Let w(n) = 6*n + 38. Let c(r) = -5*l(r) - 7*w(r). Give c(a).
-11
Suppose 0 = -13*b + 4*b + 54. Let m(c) = -17*c + 103. Let h be m(b). Let u(q) = 2*q**3 - 1. Calculate u(h).
1
Let q(p) = -3*p + p + 2 - 2*p. Suppose 5*w + 3*b = 122, 58 = 4*w + 4*b - 38. Suppose -w*y + 13*y = -24. Give q(y).
-6
Let m(k) be the third derivative of -k**6/120 - 11*k**5/60 - 29*k**4/24 + 7*k**3/6 + 10936*k**2. What is m(-8)?
47
Let u(b) be the first derivative of -5*b**2 - 4*b + 58. Let j(h) = 13*h + 6. Let s(z) = -2*j(z) - 3*u(z). What is s(2)?
8
Let l be ((-3)/(-5))/((-76)/(-380)). Let b(v) = 12*v - 14. Determine b(l).
22
Suppose -141*u + 19*u + 3304 = -4*u. Let w(a) = -a**3 + 28*a**2 + 3*a - 75. Give w(u).
9
Let j(m) be the first derivative of m**3/2 - 11*m**2/2 + 146*m - 145. Let f(k) be the first derivative of j(k). Determine f(9).
16
Let y(g) = 3*g - 10. Let l be y(10). Suppose -5*q = -5*d - l, -2*d = 2*q - q - 1. Suppose q*u - 18 = -0*u. Let s(k) = 2*k - 2. Give s(u).
10
Let m(r) = -13*r. Let d(o) = -44*o - 7. Let f(p) = -d(p) + 3*m(p). What is f(-2)?
-3
Let a(z) = 5 + 2*z - 14*z**2 - 8 + 2*z**3 - 16*z - 3*z**3. Suppose -39*f + 161*f + 1586 = 0. What is a(f)?
10
Let q be 1 - -1*(-1 + 0). Suppose -2*i - 5 = 5*t + 5, q = 2*i - 3*t + 10. Let a(d) = 155*d + 1 + 1 - 15 + 149*d - 303*d + 11. What is a(i)?
-7
Let i(y) be the first derivative of -2*y**3/3 - 5*y**2 - 7*y - 1539. Calculate i(-6).
-19
Let b = -614 + 626. Suppose -17*d - 55 = -b*d. Let i(f) = -f - 13. What is i(d)?
-2
Let j(f) = 6*f**3 + f**2 - f. Let g(b) = 31*b + 24*b - 50*b. Let l be g(0). Suppose r + l*r + 2*a - 11 = 0, 0 = -r + a - 4. Determine j(r).
6
Let k(x) = -2*x**3 - 3*x**2 + x + 5. Let c(s) = 3*s**3 + 11*s**2 + 8*s - 15. Let o(h) = c(h) + k(h). Give o(-5).
20
Let d(u) = 10*u**3 - 2*u**2 + 1. Let v(g) = -g**2 + 5*g + 15. Suppose 38 = -3*n + n. Let q = 26 + n. Let p be v(q). Determine d(p).
9
Let f be (-5 + 192/40)*15. Let m(o) = -9*o**2 - 6*o + 1. What is m(f)?
-62
Let p(l) be the first derivative of -l**5/60 - l**4/6 - l**3/6 + 45*l**2 + 102. Let r(m) be the second derivative of p(m). Determine r(-5).
-6
Let s(p) be the first derivative of -2*p**3 + 33*p**2/2 - 5*p - 6725. Give s(5).
10
Let h(m) = -8*m**3 + 55*m**2 - 11*m + 37. Let c(b) = -3*b**3 + 19*b**2 - 4*b + 15. Let z(o) = 11*c(o) - 4*h(o). Give z(-11).
17
Let d = 126 + -122. Let q(r) = 562 - 10*r + d*r - 563. Suppose 4*j + 8 = 4*i, 0*i - 5*i = -4*j - 9. Calculate q(j).
5
Let n(j) = -52*j**2 - 42*j + 67. Let b(t) = -19*t**2 - 14*t + 22. Let p(x) = -11*b(x) + 4*n(x). Let l = 103 + -91. What is p(l)?
2
Let z(d) = -3 + 3961*d + 3974*d - 7957*d. Give z(-3).
63
Let m(u) = u**3 - 8*u**2 - u + 8. Let c be (-9 + 18 + -5)*(-16)/2. Let z = -24 - c. Calculate m(z).
0
Let b(g) = -7 + 278*g + g**3 - 278*g. Suppose 0 = -2*o + 2*o + 5*o. Calculate b(o).
-7
Let f(b) = b**2 - 480*b - 13170. Let c be f(-26). Let i(n) be the first derivative of -n**4/4 - 5*n**3 - 7*n**2 - 7*n - 2. Give i(c).
-7
Suppose -3*l = 1 - 7. Let o(y) = y - 2*y - 2*y**3 - 3*y - 5*y**l. Suppose -2*s - w = -25 + 27, -2*w = -4*s - 20. What is o(s)?
21
Let m(j) = 3*j**2 + 2*j - 1. Suppose 5*l = -5*r + 25, 14 = 14*r - 11*r + 2*l. Let c be -2 + r + (3 - 4). Determine m(c).
4
Suppose -171 - 63 = 2*l. Let b be (2/9)/((-13)/l). Let n(q) = 0*q**2 - 1 - 4 - 3*q**2 + 2*q**b. Determine n(0).
-5
Suppose -10*f + 3*f + 56 = 0. Suppose 13*j = 5 + f. Let t(w) = -11*w + 1. Calculate t(j).
-10
Let k(w) = w - w**2 + 2 + w + w**3 - 3*w. Let h = -5626 - -5626. Calculate k(h).
2
Let k(b) = 4*b - 1. Let c(q) = q**2 - 3*q + 3. Let x be (64/40)/((-1)/(-10)). Suppose -2*t + 3*d - d = -x, 3*d + 21 = 2*t. Let f be c(t). Calculate k(f).
11
Let h(z) = -3*z**2 - z + 5. Let y(o) = 14*o**2 + 5*o - 22. Let u(w) = 5*h(w) + y(w). What is u(2)?
-1
Let p(o) = o**3 - 5*o**2 + 19*o - 55. Let b be p(4). Let w be (-3)/(-9) + 2/(-6). Let k(x) = -6*x**2 + 5 + w*x**2 - 2*x**3 + 3*x**3 + 2 + 5*x. What is k(b)?
7
Let q(j) = 2*j**2 + 22*j - 30. Suppose -59*s = -50*s + 30 + 78. Determine q(s).
-6
Let z(o) be the second derivative of -5*o**3/6 + 143*o**2/2 + 5*o + 100. What is z(27)?
8
Let d(y) = 9*y - 29*y + 3 - 4*y**2 + 12*y - y**3 + 4*y. Let o(z) = -8*z**2 - 3*z + 1 + 7*z**2 + 2*z. Let s(h) = -d(h) + 3*o(h). Give s(-1).
-1
Let p(d) = 5 - 8 + 0*d - d. Let k(l) = 7*l - 7. Let x be k(3). Suppose -u - 4*u + 3*v = -35, -2*v = -u + x. Calculate p(u).
-7
Let p(b) = 101*b + 158*b - 119 - 244*b. Calculate p(8).
1
Let j(i) = -i**2 - 10*i - 17. Suppose -5*n - 37 = 4*c, -36 = 4*c - 53*n + 57*n. Determine j(c).
-1
Let b(c) = 4*c + c + c - 5*c. Let h(r) = r**3 + 12*r**2 + 28*r + 78. Let j be h(-10). Give b(j).
-2
Let p be (-1155)/308 - (1/8)/(2/4). Let m(x) = -2*x**2 + 2*x - 8. What is m(p)?
-48
Let l(s) = -s**3 + 11*s**2 + 5*s - 16. Suppose -22*z - 182 = -210 - 236. Determine l(z).
-100
Let j(x) = -199*x + 39. Let u(f) = -78*f + 19. Let v(l) = 4*j(l) - 10*u(l). What is v(-2)?
-2
Let u(j) be the second derivative of j**3/3 + 11*j**2/2 - 171*j + 2. Calculate u(-10).
-9
Let i(m) = 3*m**2 - 10*m - 8. Suppose -15*z + 12*z + 13 = 2*c, z - 5*c + 41 = 0. What is i(z)?
5
Let i(z) be the third derivative of z**6/30 + z**5/30 - z**4/4 - 2*z**3/3 - 10441*z**2. What is i(-1)?
0
Let z = -370 + 373. Let c(k) = -k**2 - z + 8*k + 8*k - 27*k. Calculate c(-11).
-3
Suppose 12*i = 7*i + 40. Let n be ((-4)/i*0)/(-1). Let t be 0/(n + -2 + 0). Let y(s) = -s**3 + s**2 + s - 4. Determine y(t).
-4
Suppose 0 = 7*y - 36 - 6. Let w(n) = -n + 11. Let q be w(y). Let s(p) = -2*p + 3 + q + 2 - 12. Give s(8).
-18
Let b(y) = -y**3 - 10*y**2 + 5*y + 15. Suppose -1530 = -62*w + 215*w. Determine b(w).
-35
Let p(s) = s**2 + 18*s - 16. Let d = -4331 + 4312. What is p(d)?
3
Suppose 2*d - 173 - 1 = 0. S